{"id":1436,"date":"2023-07-26T09:35:31","date_gmt":"2023-07-26T07:35:31","guid":{"rendered":"https:\/\/ibmpan.pl\/bip\/?page_id=1436"},"modified":"2023-09-13T23:08:06","modified_gmt":"2023-09-13T21:08:06","slug":"deklaracja-dostepnosci","status":"publish","type":"page","link":"https:\/\/ibmpan.pl\/bip\/deklaracja-dostepnosci\/","title":{"rendered":"Deklaracja dost\u0119pno\u015bci"},"content":{"rendered":"<h2 id=\"a11y-deklaracja\">Deklaracja dost\u0119pno\u015bci Instytut Biologii Medycznej Polskiej Akademii Nauk<\/h2>\n<p id=\"a11y-wstep\"><span id=\"a11y-podmiot\">Instytut Biologii Medycznej Polskiej Akademii Nauk<\/span> zobowi\u0105zuje si\u0119 zapewni\u0107 dost\u0119pno\u015b\u0107 swojej strony internetowej zgodnie z przepisami ustawy z dnia 4\u00a0kwietnia 2019\u00a0r. o\u00a0dost\u0119pno\u015bci cyfrowej stron internetowych i\u00a0aplikacji mobilnych podmiot\u00f3w publicznych. O\u015bwiadczenie w sprawie dost\u0119pno\u015bci ma zastosowanie do strony internetowej <a id=\"a11y-url\" href=\"https:\/\/ibmpan.pl\/bip\">Instytut Biologii Medycznej Polskiej Akademii Nauk<\/a>.<\/p>\n<ul>\n<li>Data publikacji strony internetowej: <time id=\"a11y-data-publikacja\" datetime=\"2023-09-01\">2023-09-01<\/time><\/li>\n<li>Data ostatniej istotnej aktualizacji: <time id=\"a11y-data-aktualizacja\" datetime=\"2023-09-11\">2023-09-11<\/time><\/li>\n<\/ul>\n<h3>Przygotowanie deklaracji w sprawie dost\u0119pno\u015bci<\/h3>\n<ul>\n<li>Deklaracj\u0119 sporz\u0105dzono dnia: <time id=\"a11y-data-sporzadzenie\" datetime=\"2023-09-12\">2023-09-12<\/time><\/li>\n<li>Deklaracj\u0119 zosta\u0142a ostatnio poddana przegl\u0105dowi i aktualizacji dnia: <time id=\"a11y-data-deklaracja-przeglad\" datetime=\"2023-09-13\">2023-09-13<\/time><\/li>\n<\/ul>\n<p>Deklaracj\u0119 sporz\u0105dzono na podstawie samooceny.<\/p>\n<h3><strong>Zgodno\u015b\u0107 ze standardami. Co w tym celu robimy?<\/strong><\/h3>\n<p>Aby zapewni\u0107, \u017ce nasz serwis b\u0119dzie u\u017cyteczny i dost\u0119pny dla jak najszerszej grupy odwiedzaj\u0105cych, stosujemy si\u0119 do wytycznych <a lang=\"en\" title=\"Wytyczne dla dost\u0119pno\u015bci tre\u015bci internetowych 2.0\" href=\"http:\/\/www.w3.org\/TR\/WCAG20\/\">Web Content Accessibility Guidelines (WCAG) 2.1<\/a>, kt\u00f3re wyja\u015bniaj\u0105, co robi\u0107, aby tre\u015bci internetowe by\u0142y dost\u0119pne dla wszystkich ludzi. (<a href=\"http:\/\/fdc.org.pl\/wcag2\/\">Zobacz autoryzowane t\u0142umaczenie WCAG 2.1 na j\u0119zyk polski<\/a>.)<\/p>\n<p>Wytyczne definiuj\u0105 trzy poziomy dost\u0119pno\u015bci (A, AA oraz AAA). Jako cel dla serwisu B<span id=\"a11y-podmiot\">Instytut Biologii Medycznej Polskiej Akademii Nauk<\/span> postawili\u015bmy sobie osi\u0105gni\u0119cie kryteri\u00f3w sukcesu na poziomie AA oraz wprowadzenie udogodnie\u0144 realizuj\u0105cych niekt\u00f3re standardy dost\u0119pno\u015bci na poziomie AAA.<\/p>\n<p>Wydawca i redakcja serwisu <span id=\"a11y-podmiot\">Instytut Biologii Medycznej Polskiej Akademii Nauk<\/span> w swoim dzia\u0142aniu kieruj\u0105 si\u0119 tak\u017ce postanowieniami <a href=\"https:\/\/www.rpo.gov.pl\/pl\/konwencja-o-prawach-osob-niepelnosprawnych\">Konwencji Praw Os\u00f3b Niepe\u0142nosprawnych ONZ<\/a>.<\/p>\n<h3><strong>Jak realizujemy wytyczne dla dost\u0119pno\u015bci?<\/strong><\/h3>\n<p>Tw\u00f3rcy, redaktorzy i autorzy naszego serwisu dok\u0142adaj\u0105 wszelkich stara\u0144, aby wszystkie strony spe\u0142nia\u0142y wszystkie wymagania WCAG 2.1 na poziomie AA.<\/p>\n<h3><strong>Kompatybilno\u015b\u0107<\/strong><\/h3>\n<p>Serwis jest w pe\u0142ni rozpoznawalny przez programy czytaj\u0105ce dla os\u00f3b niewidomych, takie jak np. Window-Eyes, JAWS czy NVDA. Pe\u0142na obs\u0142uga serwisu mo\u017cliwa jest zar\u00f3wno przy pomocy samej klawiatury, jak i myszki.<\/p>\n<h3><strong>Wygl\u0105d<\/strong><\/h3>\n<p>Uk\u0142ad graficzny serwisu jest w ca\u0142o\u015bci opisany przez arkusze styl\u00f3w kaskadowych (CSS). Ale nawet je\u017celi Twoja przegl\u0105darka lub urz\u0105dzenie, kt\u00f3rym odczytujesz strony internetowe, nie wspiera CSS w og\u00f3le, ca\u0142a zawarto\u015b\u0107 ka\u017cdej strony jest nadal \u0142atwa do odczytania.<\/p>\n<p>Na stronach serwisu u\u017cywane s\u0105 tylko wzgl\u0119dne rozmiary czcionek kompatybilnych z ustawieniami opcji \u201erozmiar tekstu\u201d w przegl\u0105darkach graficznych.<\/p>\n<h3><strong>Odno\u015bniki<\/strong><\/h3>\n<p>Teksty odno\u015bnik\u00f3w s\u0105 dobrane w taki spos\u00f3b, aby w miar\u0119 mo\u017cliwo\u015bci by\u0142y zrozumia\u0142e nawet poza kontekstem zdania, w kt\u00f3rym wyst\u0119puj\u0105. Wiele \u0142\u0105czy zawiera atrybut\u00a0title\u00a0opisuj\u0105cy dany odno\u015bnik bardziej szczeg\u00f3\u0142owo, chyba \u017ce tekst \u0142\u0105cza sam w sobie ju\u017c dok\u0142adnie opisuje dokument docelowy (tak jak np. tytu\u0142 artyku\u0142u).<\/p>\n<h3><strong>Obrazki<\/strong><\/h3>\n<p>Wszystkie obrazki i grafiki prezentacyjne zawieraj\u0105 opisy alternatywne. Obrazki czysto dekoracyjne zawieraj\u0105 pusty atrybut alt. Z\u0142o\u017cone grafiki s\u0105 opisywane w tre\u015bci strony tak, aby ich znaczenie by\u0142o jasne r\u00f3wnie\u017c dla os\u00f3b, kt\u00f3re nie mog\u0105 zobaczy\u0107 obraz\u00f3w.<\/p>\n<h3><strong>Udogodnienia<\/strong><\/h3>\n<p>Serwis jest wyposa\u017cony w udogodnienia u\u0142atwiaj\u0105ce przegl\u0105danie tre\u015bci przez osoby niedowidz\u0105ce:<\/p>\n<ul>\n<li>prze\u0142\u0105cznik zmiany rozmiaru czcionki<\/li>\n<li>prze\u0142\u0105czniki zmiany kontrastu<\/li>\n<li>prze\u0142\u0105cznik zmiany uk\u0142adu strony<\/li>\n<li>prze\u0142\u0105cznik zmiany na \u201etryb nocny\u201d<\/li>\n<\/ul>\n<h3><strong>Brak zauwa\u017conych problem\u00f3w<\/strong><\/h3>\n<p>Wszystkie problemy wynikaj\u0105ce z przeprowadzonego audytu dost\u0119pno\u015bci cyfrowej w czerwcu 2023 r. zosta\u0142y zniwelowane. W zwi\u0105zku z otrzyman\u0105 list\u0105 rekomendowanych usprawnie\u0144 w lipcu 2023 r. zosta\u0142y podj\u0119te dzia\u0142ania\u00a0 w celu usuni\u0119cia problem\u00f3w.<\/p>\n<h3><strong>Korzystanie z klawiatury i skr\u00f3t\u00f3w klawiaturowych<\/strong><\/h3>\n<p>Na wszystkich stronach mo\u017cna si\u0119 pos\u0142u\u017cy\u0107 klawiszem TAB, aby wywo\u0142a\u0107 menu umo\u017cliwiaj\u0105ce pomini\u0119cie niekt\u00f3rych element\u00f3w strony i przeskoczenie do wybranego obszaru (tre\u015bci g\u0142\u00f3wnej, menu, tre\u015bci pobocznych &#8211; dodatkowych). Klawisz TAB umo\u017cliwia przemieszczanie si\u0119 po wszystkich aktywnych elementach strony, a kombinacja klawiszy Shift=TAB przemieszczanie si\u0119 w\u00a0odwrotnym kierunku. Po menu mo\u017cna si\u0119 porusza\u0107 dodatkowo klawiszami strza\u0142ek w lewo i w prawo oraz w d\u00f3\u0142 i w g\u00f3r\u0119.<\/p>\n<p>\u015awiadomie zrezygnowali\u015bmy z mo\u017cliwo\u015bci szerszego zastosowania skr\u00f3t\u00f3w klawiaturowych, aby unikn\u0105\u0107 konflikt\u00f3w z technologiami asystuj\u0105cymi (np. czytnikami ekran\u00f3w), systemem lub aplikacjami u\u017cytkownik\u00f3w.<\/p>\n<h3><strong>Przeka\u017c nam swoje uwagi i oczekiwania<\/strong><\/h3>\n<p>Je\u015bli korzystanie z naszego serwisu sprawia Ci rado\u015b\u0107 albo je\u015bli zdarzy\u0142 Ci si\u0119 jaki\u015b problem z dost\u0119pno\u015bci\u0105 stron, poinformuj nas o tym. Mo\u017cesz to zrobi\u0107, pisz\u0105c na adres: sekretariat@cbm.pan.pl.<\/p>\n<p>&nbsp;<\/p>\n","protected":false},"excerpt":{"rendered":"<p>Deklaracja dost\u0119pno\u015bci Instytut Biologii Medycznej Polskiej Akademii Nauk Instytut Biologii Medycznej Polskiej Akademii Nauk zobowi\u0105zuje si\u0119 zapewni\u0107 dost\u0119pno\u015b\u0107 swojej strony internetowej zgodnie z przepisami ustawy z dnia 4\u00a0kwietnia 2019\u00a0r. o\u00a0dost\u0119pno\u015bci&#8230;<\/p>\n","protected":false},"author":1,"featured_media":0,"parent":0,"menu_order":0,"comment_status":"closed","ping_status":"closed","template":"","meta":{"footnotes":""},"_links":{"self":[{"href":"https:\/\/ibmpan.pl\/bip\/wp-json\/wp\/v2\/pages\/1436"}],"collection":[{"href":"https:\/\/ibmpan.pl\/bip\/wp-json\/wp\/v2\/pages"}],"about":[{"href":"https:\/\/ibmpan.pl\/bip\/wp-json\/wp\/v2\/types\/page"}],"author":[{"embeddable":true,"href":"https:\/\/ibmpan.pl\/bip\/wp-json\/wp\/v2\/users\/1"}],"replies":[{"embeddable":true,"href":"https:\/\/ibmpan.pl\/bip\/wp-json\/wp\/v2\/comments?post=1436"}],"version-history":[{"count":3,"href":"https:\/\/ibmpan.pl\/bip\/wp-json\/wp\/v2\/pages\/1436\/revisions"}],"predecessor-version":[{"id":2266,"href":"https:\/\/ibmpan.pl\/bip\/wp-json\/wp\/v2\/pages\/1436\/revisions\/2266"}],"wp:attachment":[{"href":"https:\/\/ibmpan.pl\/bip\/wp-json\/wp\/v2\/media?parent=1436"}],"curies":[{"name":"wp","href":"https:\/\/api.w.org\/{rel}","templated":true}]}}